t is the hundreds digit of t?
3
Let y(w) = -832*w - 9241. What is the tens digit of y(-67)?
0
Suppose 4*p + 26 = 90. Suppose -p*s = -13*s - 417. What is the tens digit of s?
3
Let y(i) be the first derivative of -i**4/4 + i**3/3 + 3*i**2/2 + 59*i - 86. Let d = 2 + -2. What is the tens digit of y(d)?
5
Let d(o) = -o**2 - 19*o + 5. Let b be d(-15). Let p = 122 - b. Let v = p + -29. What is the units digit of v?
8
Let n = -396 - -1488. What is the units digit of n?
2
Let k be 4/(-18) - (-174)/54. Suppose 0 = 2*r - 17 + k. Suppose -8*n + 82 = -r*n. What is the units digit of n?
2
Let b(g) = -2*g + 1. Let d(c) = 8*c + 10. Let s be d(-2). Let l be b(s). Suppose -175 = -l*v + 644. What is the tens digit of v?
6
Let o(s) = 657*s + 8. Let x be o(3). Suppose 4*m - x = -99. Let b = m + -270. What is the hundreds digit of b?
2
Let x = 451 + -442. Suppose 5*b = z + 674, x*z - 7*z - 126 = -b. What is the hundreds digit of b?
1
Let a = 5104 + -2732. Suppose 0 = 9*l - 7*l - a. What is the thousands digit of l?
1
Let y(a) = a**2 + 26*a + 2. Let v be y(-26). Suppose -63 = -3*q + 3*o - 0*o, -v*o = 4. Suppose -289 = -t + 4*z, t - 2*z + q = 298. What is the tens digit of t?
6
Let p = -11133 + 28330. What is the units digit of p?
7
What is the tens digit of (-17346)/(-10) + (-927)/1545?
3
Suppose 2*d - 20 = 4*d. Let u(l) = -l - 8. Let k be u(d). What is the tens digit of (k + 10/(-4))*(-3 + -155)?
7
Let a = -3580 - -2550. Let w = 880 - a. What is the units digit of w?
0
Let u = 9 + 44. Suppose 0 = 60*i - u*i - 3745. What is the units digit of i?
5
Suppose 6306 = 30*c - 24*c. Let l = c + -609. What is the hundreds digit of l?
4
Suppose 479563 = 161*n - 133*n - 776461. What is the thousands digit of n?
4
Suppose 5*q - 4*a = 58055, -q + 8902 = -a - 2709. What is the units digit of q?
1
Let h(r) = -20*r - 6. Let v = -40 + 21. What is the hundreds digit of h(v)?
3
Let s(o) = -o**3 + 11*o**2 - 16*o + 17. Let y be s(7). What is the tens digit of (y/2)/(26/832)?
1
Suppose 2*c = 4*r - 276046, 75*r - 138020 = 73*r + 4*c. What is the thousands digit of r?
9
Let p(r) = -2*r + 13. Let k be 1 + 9 + -4 + -1. Let a be p(k). Suppose a*c - 354 = -2*m + 5*c, 3*m - 511 = -2*c. What is the hundreds digit of m?
1
Let c = 138 + -21. Suppose -3*g + c = -96. What is the tens digit of g?
7
Let f(c) = -2865*c - 1579. What is the ten thousands digit of f(-18)?
4
Let h be (1876/(-10))/(110/(-50) + 2). Let b = h - 858. What is the units digit of b?
0
Let h = 113 - 108. Let s be (-3)/(h/15*-1). Suppose s*g - 2462 - 31 = 0. What is the hundreds digit of g?
2
Let o be ((-12)/(-15))/((-22)/55). What is the units digit of (588 + o)/((-7)/(7/(-2)))?
3
Let v(j) = 3*j**2 - 3*j + 22. Let q(u) = -u**2 + 14*u + 26. Let b be q(15). What is the hundreds digit of v(b)?
3
Suppose 0 = -3*w - 2*m + 68841, 3*w - 68841 = 91*m - 92*m. What is the ten thousands digit of w?
2
Let p = 50 + -63. Let k be 1*p - (9 - 6). What is the tens digit of k/40 + (-1)/(5/(-547))?
0
Let k = 1505 - 859. Suppose n = 190 + k. What is the hundreds digit of n?
8
Suppose 1701 = 3*y + 6*y. Suppose -2*u - 6 = -3*x - 0*u, -5*u + 19 = x. Suppose -x*l + y = -319. What is the units digit of l?
7
Let c be (2 + (2 - 5) + 4)*1. What is the hundreds digit of c + 3942/3 + 3?
3
Let h = -3923 - -20145. What is the thousands digit of h?
6
Let q(x) = 7*x**3 - x**2. Let t be (-4)/(-22) + (-2 - (-108)/11). Suppose -3*y = -5*l + t - 1, -2*y - 6 = -4*l. What is the units digit of q(l)?
2
Suppose -26*f - 4*c = -28*f + 9348, 3*f - 4*c - 14032 = 0. What is the hundreds digit of f?
6
Let s = -41 - -572. Suppose -2*r = -3*a - 253, -4*r - 19*a + 20*a + s = 0. What is the tens digit of r?
3
Suppose -2196*g = -2181*g - 123960. What is the thousands digit of g?
8
Suppose 2*v + 4*c = -0*c + 32, c - 35 = -5*v. Let a be (-32*(-1)/(-3))/((-4)/v). Suppose -535 = -a*y + 11*y. What is the tens digit of y?
0
Let p = 403 - 219. Let d be (-1 - -8)/(556/p - 3). Suppose 18*m = 16*m + d. What is the tens digit of m?
6
What is the thousands digit of (-288)/240*(-135690)/12?
3
Suppose -15*c = -19*c. Suppose c = 2*a - 8 - 142. Suppose -2*q + 154 = -2*u + 14, q - a = 2*u. What is the tens digit of q?
6
Suppose -5*t + 3*w + 12529 = -17923, -24372 = -4*t + 5*w. What is the units digit of t?
8
Let f(h) = -15*h**3 - h**2 - 5*h + 8. Let w be f(3). Let l = w - -559. What is the tens digit of l?
3
Let p(t) be the first derivative of -t**3/3 + 4*t**2 - 16*t + 9. Let v be p(4). Suppose -33 = -5*g + 5*h + 12, g + 3*h - 29 = v. What is the tens digit of g?
1
Suppose 110*i - 48359 - 983971 = 2300010. What is the units digit of i?
4
Suppose 4*d = 2*p + 8, -4 = -3*d - p + 12. Let i be d/(-26) + (-238)/(-26) + 0. What is the units digit of ((-3 + i)/18)/((-2)/(-36))?
6
Suppose -316 = -2*p - 18. Suppose 2*x = p - 1. Let c = 49 + x. What is the hundreds digit of c?
1
Let b(s) = -3427*s - 1160. What is the hundreds digit of b(-3)?
1
Let d(h) = 8*h**3 + 3*h**2 - 2. Let t be d(-1). Let a be t/(-28) + 1/(-4). Suppose 3*x + 2*x - 50 = a. What is the units digit of x?
0
What is the units digit of (-35960)/30*(1 + 22/(-4))?
4
Let r = -24891 + 40217. What is the ten thousands digit of r?
1
Let p = -6942 - -19154. What is the ten thousands digit of p?
1
Suppose 2*o + 235*x - 231*x - 138852 = 0, o - x = 69438. What is the hundreds digit of o?
4
Let h(o) = -21*o**3 - 3*o**2 - 7*o - 5. Suppose 135*k = 130*k - 10. What is the units digit of h(k)?
5
Suppose -3*g = -3*k - 6378, 10*k = -g + 7*k + 2122. What is the tens digit of g?
2
Suppose 11*i = 12*i - 4. Suppose -i*l - n + 24 - 6 = 0, 0 = 5*l - n - 18. Suppose -l*q + 30 + 18 = 0. What is the tens digit of q?
1
Let g(c) = 149*c - 408. What is the tens digit of g(17)?
2
Suppose 0 = c - g - 11, 3*c + g = -12 + 25. Suppose -5*p = -4*x - 140, c*x = 5*x. What is the tens digit of p?
2
Let t(a) = a**3 + 23*a**2 - 26*a - 5. Let z be t(-24). Suppose 47*g - 140 = z*g. What is the units digit of g?
5
Suppose 5*n + 2*h + 3*h + 650 = 0, -5*h + 160 = -n. Let z = -123 - n. Suppose -393 = z*j - 3081. What is the tens digit of j?
2
Let c(n) = -n**3 - 3*n**2 - 6*n - 4. Let b be c(-2). Suppose 4*z - 3429 = -5*r, -b*z + 4*r = -2952 - 504. Suppose 4176 = 13*q + z. What is the tens digit of q?
5
Suppose -69 = 4*f - 2*l + 321, -3*l - 395 = 4*f. Let k = f - -161. What is the tens digit of k?
6
Suppose 0 = -3*m - 3*r + 12900, -2*m + m + 4294 = 2*r. What is the tens digit of m?
0
Suppose 93921 + 177106 = 42*m + 75769. What is the tens digit of m?
4
What is the tens digit of 15/10*((-140062)/(-6) - -9)?
2
Let d(s) = 24*s**2 - 25*s + 48. Let y(t) = 13*t**2 - 13*t + 24. Let k(o) = 4*d(o) - 7*y(o). What is the tens digit of k(9)?
4
Let n = -3638 - -7657. What is the thousands digit of n?
4
Let w(p) = -p**3 - 7*p - 9. Let t be w(-7). Let l = 98 - 297. Let o = l + t. What is the hundreds digit of o?
1
Let h(v) be the second derivative of -23*v**3/3 - 64*v**2 + 235*v. What is the tens digit of h(-11)?
7
Let v(s) = -6*s**2 - 5*s + 9. Let h(o) = o**3 - o**2 - o + 1. Let i(l) = 2*h(l) + v(l). What is the tens digit of i(9)?
5
Let f(i) = -483*i - 1345. What is the units digit of f(-18)?
9
Suppose -4*v - 42 = 3*r, 5*v = -6*r + 11*r + 105. Let u(d) = -12*d + 162. What is the hundreds digit of u(r)?
3
Let u(m) = 7*m**2 + 15*m - 1125. What is the tens digit of u(39)?
0
Suppose -58*s + 11026 = -5620. What is the hundreds digit of s?
2
Let f = 1182 - 2072. Let a = 1685 + f. What is the units digit of a?
5
Let u be 233 + (39 + 6)/9. What is the tens digit of u/(-35)*-113 - (-6)/10?
6
Suppose i - 3*p - 19 = 0, -3*i - 3*p = 2*i - 5. Suppose -5*k = i*x - 893, 7*k = 3*k + x + 706. What is the units digit of k?
7
Suppose 0 = -4*r + 2*t + 2, -r - 5*t + 22 = -2*r. Suppose 2402 = r*x - 703. What is the units digit of x?
5
Let u(w) = w**3 + 13*w**2 + 6*w - 12. Suppose -7 - 4 = -a + 2*k, 3*a + k = 5. Suppose -18 = 2*s + y, -4*y + 24 = -s - a. What is the tens digit of u(s)?
6
Let h(z) = 2*z**2 + 29*z - 9. Let p be h(-15). What is the hundreds digit of 9/6 + 1785/p?
2
Let g(c) = 4*c + 34. Suppose 94 = -10*v + 354. Let b be g(v). Suppose 0 = -2*a - 2*k + b, 5*k + 99 = 2*a - a. What is the tens digit of a?
7
Suppose 0 = 12*t - 101 - 211. What is the units digit of t/91 - (-2266)/7?
4
Let j = 709 + 3692. What is